{"id":309,"date":"2011-09-16T07:23:47","date_gmt":"2011-09-16T04:23:47","guid":{"rendered":"http:\/\/voltalumen.com\/?page_id=309"},"modified":"2016-10-12T10:05:50","modified_gmt":"2016-10-12T07:05:50","slug":"%d0%ba%d0%be%d0%bd%d1%82%d0%b0%d0%ba%d1%82","status":"publish","type":"page","link":"https:\/\/voltalumen.com\/?page_id=309","title":{"rendered":"\u043a\u043e\u043d\u0442\u0430\u043a\u0442"},"content":{"rendered":"<p><strong>Volta Lumen O\u00dc<\/strong><\/p>\n<p>T\u00f6\u00f6stuse 47, 10416 Tallinn<br \/>\n\u0442e\u043b\u0435\u0444\u043e\u043d: +(372) 6 120 673<br \/>\n\u0444\u0430\u043a\u0441: +372 6 120 660<a href=\"mailto:info@voltalumen.com\"><br \/>\ninfo@voltalumen.com<\/a><\/p>\n<p>&nbsp;<\/p>\n<p>\u0414\u0438\u0440\u0435\u043a\u0442\u043e\u0440 \u043f\u043e \u0440\u0430\u0437\u0432\u0438\u0442\u0438\u044e: <strong>Madis Reivik<\/strong>: <a href=\"mailto:madis@volta.ee\">madis@volta.ee<\/a><br \/>\n\u0414\u0438\u0440\u0435\u043a\u0442\u043e\u0440 \u043f\u043e \u043f\u0440\u043e\u0438\u0437\u0432\u043e\u0434\u0441\u0442\u0432\u0443: <strong>Martin Raska<\/strong>: <a href=\"mailto:martin@volta.ee\">martin@volta.ee<\/a><br \/>\n\u0421\u0438\u0441\u0442\u0435\u043c\u043d\u044b\u0439 \u0438\u043d\u0436\u0435\u043d\u0435\u0440: <strong>Marek Pallav<\/strong>: <a href=\"mailto:marek@volta.ee\">marek@volta.ee<\/a><\/p>\n<p>&nbsp;<\/p>\n","protected":false},"excerpt":{"rendered":"<p>Volta Lumen O\u00dc T\u00f6\u00f6stuse 47, 10416 Tallinn \u0442e\u043b\u0435\u0444\u043e\u043d: +(372) 6 120 673 \u0444\u0430\u043a\u0441: +372 6 120 660 info@voltalumen.com &nbsp; \u0414\u0438\u0440\u0435\u043a\u0442\u043e\u0440 \u043f\u043e \u0440\u0430\u0437\u0432\u0438\u0442\u0438\u044e: Madis Reivik: madis@volta.ee \u0414\u0438\u0440\u0435\u043a\u0442\u043e\u0440 \u043f\u043e \u043f\u0440\u043e\u0438\u0437\u0432\u043e\u0434\u0441\u0442\u0432\u0443: Martin Raska: martin@volta.ee \u0421\u0438\u0441\u0442\u0435\u043c\u043d\u044b\u0439 \u0438\u043d\u0436\u0435\u043d\u0435\u0440: Marek Pallav: marek@volta.ee &nbsp;<\/p>\n","protected":false},"author":2,"featured_media":0,"parent":0,"menu_order":0,"comment_status":"open","ping_status":"open","template":"template.contact.php","meta":{"footnotes":""},"_links":{"self":[{"href":"https:\/\/voltalumen.com\/index.php?rest_route=\/wp\/v2\/pages\/309"}],"collection":[{"href":"https:\/\/voltalumen.com\/index.php?rest_route=\/wp\/v2\/pages"}],"about":[{"href":"https:\/\/voltalumen.com\/index.php?rest_route=\/wp\/v2\/types\/page"}],"author":[{"embeddable":true,"href":"https:\/\/voltalumen.com\/index.php?rest_route=\/wp\/v2\/users\/2"}],"replies":[{"embeddable":true,"href":"https:\/\/voltalumen.com\/index.php?rest_route=%2Fwp%2Fv2%2Fcomments&post=309"}],"version-history":[{"count":9,"href":"https:\/\/voltalumen.com\/index.php?rest_route=\/wp\/v2\/pages\/309\/revisions"}],"predecessor-version":[{"id":572,"href":"https:\/\/voltalumen.com\/index.php?rest_route=\/wp\/v2\/pages\/309\/revisions\/572"}],"wp:attachment":[{"href":"https:\/\/voltalumen.com\/index.php?rest_route=%2Fwp%2Fv2%2Fmedia&parent=309"}],"curies":[{"name":"wp","href":"https:\/\/api.w.org\/{rel}","templated":true}]}}